- 8. What is n(-4)?
-20
Let g(i) = i**2 + 18*i + 82. Determine g(-11).
5
Let v(m) = -m + 5. What is v(-9)?
14
Let d(o) = o + 4. Calculate d(-6).
-2
Let n(s) = -2*s**3 + 5*s**2 - 3*s - 4. Determine n(3).
-22
Let s(i) = -i**3 + 19*i**2 - 29*i - 41. Determine s(17).
44
Let r(k) = 2*k**2 - 7*k - 7. What is r(4)?
-3
Let z(p) = p**3 + 6*p**2 + 2*p - 4. Calculate z(-5).
11
Let o(d) = d - 5. Give o(5).
0
Let b(k) = k**2 - 3*k - 2. Give b(7).
26
Let o(u) = -u**3 - 13*u**2 + 146. What is o(-12)?
2
Let d(r) = -r - 1. Give d(-8).
7
Let r(a) = -2*a**2 + 27*a - 85. Determine r(7).
6
Let d(c) = c + 73. Calculate d(-15).
58
Let c(h) = 7*h - 230. Calculate c(32).
-6
Let y(b) = -b**3 - b**2 + 29*b + 77. Determine y(-3).
8
Let z(r) = -13*r - 61. Determine z(-10).
69
Let b(q) = 7*q - 11. Determine b(8).
45
Let o(s) = s**2 + 4*s - 17. What is o(-7)?
4
Let o(d) = d**3 + 8*d**2 + 3*d. Determine o(-7).
28
Let r(l) = -l**3 - l**2. Give r(0).
0
Let k(g) = g**3 + 10*g**2 + g + 3. Give k(-10).
-7
Let a(j) = j + 5. Give a(-10).
-5
Let b(l) = -l**2 + 19*l - 15. What is b(15)?
45
Let h(t) = -3*t + 5. Calculate h(9).
-22
Let c(z) = 17*z - 114. What is c(7)?
5
Let b(y) = -y**2 - 21*y - 105. Give b(-10).
5
Let f(q) = -49*q - 640. Calculate f(-13).
-3
Let i(n) = -n**3 + 16*n**2 - 27*n - 21. What is i(14)?
-7
Let s(l) = -l**3 + 2*l**2 - l - 4. Calculate s(2).
-6
Let p(k) = k**3 + 4*k**2 - k - 8. What is p(-7)?
-148
Let f(m) = -4*m + 18. What is f(8)?
-14
Let u(d) = 6*d**2 - 4*d + 10. Calculate u(4).
90
Let a(r) = r**2 - 15*r - 70. Calculate a(-4).
6
Let y(l) = -l**3 - 6*l**2 + l - 4. Determine y(-5).
-34
Let m(h) = 4*h**2 - 16*h - 5. Give m(4).
-5
Let p(l) = 4*l + 13. Give p(-9).
-23
Let d(x) = 12*x**3 - x**2 - 4*x - 3. Give d(-1).
-12
Let g(z) = 2*z**2 - 10*z + 8. Give g(6).
20
Let q(h) = h**3 + 39*h**2 + 37*h - 31. Determine q(-38).
7
Let x(s) = -11*s - 4. Calculate x(1).
-15
Let n(d) = -3*d**2 - 115*d - 150. Give n(-37).
-2
Let i(m) = -2*m**2 - 4*m. Give i(-3).
-6
Let j(f) = -2*f + 26. Determine j(2).
22
Let n(x) = x**2 + 11*x + 1. Determine n(-11).
1
Let d(t) = t**2 + 5*t + 4. What is d(-3)?
-2
Let p(o) = o**3 - 4*o**2 - 14*o + 3. Give p(5).
-42
Let d(h) = h**2 - 22*h - 60. What is d(27)?
75
Let j(g) = -g**3 + 9*g**2 - 7*g + 47. Determine j(9).
-16
Let h(z) = -z**2 - 12*z - 17. Determine h(-11).
-6
Let b(d) = -d**2 - 12*d + 5. What is b(-11)?
16
Let b(w) = -w + 54. Give b(-28).
82
Let m(u) = -4*u**2 - u + 4. What is m(-3)?
-29
Let g(b) = -52*b + 2912. Give g(56).
0
Let z(r) = 3*r. Give z(3).
9
Let s(q) = -q**2 - 8*q - 6. Calculate s(-6).
6
Let c(s) = -s**3 - 6*s**2 - 5*s + 5. What is c(-5)?
5
Let f(m) = 2*m**2 - 4*m - 12. Give f(5).
18
Let p(f) = f - 9. Give p(11).
2
Let p(a) = -46*a - 11. What is p(-3)?
127
Let b(f) = -2*f - 4. What is b(-7)?
10
Let z(g) = -3*g - 10. Give z(6).
-28
Let u(d) = -9*d + 9. Determine u(-3).
36
Let m(u) = 3*u**2 + 84*u - 9. What is m(-28)?
-9
Let d(g) = -2*g**3 + 12*g**2 - g + 3. Give d(6).
-3
Let y(h) = -h**3 + h**2 + 88*h + 19. What is y(10)?
-1
Let j(y) = y + 9. What is j(-4)?
5
Let c(t) = -t**2 + 13*t - 8. Give c(3).
22
Let k(a) = 72*a**2 - 1. Determine k(1).
71
Let h(t) = -t**3 + 44*t**2 + 93*t - 34. Calculate h(46).
12
Let c(b) = -2*b - 3. Determine c(-2).
1
Let h(v) = v**3 - 4*v**2 - 2*v - 1. Give h(5).
14
Let f(d) = -8*d + 659. What is f(82)?
3
Let i(w) = -17*w + 69. Determine i(4).
1
Let x(b) = -3*b + 8. Calculate x(-5).
23
Let f(t) = -t**2 + t + 22. What is f(0)?
22
Let x(d) = -d**3 + 8*d**2 + d - 3. Give x(4).
65
Let g(r) = -r**3 - 4*r**2 + 24*r + 18. Give g(-7).
-3
Let x(k) = k**3 - 5*k**2 - k - 7. Determine x(5).
-12
Let i(y) = 109*y + 1315. What is i(-12)?
7
Let n(j) = j**3 + 7*j**2 - 18*j + 6. Determine n(-9).
6
Let i(g) = -5*g**2 + 17*g - 12. What is i(4)?
-24
Let q(k) = 2*k**2 + 4*k - 11. Determine q(3).
19
Let y(b) = 23*b + 2. What is y(-6)?
-136
Let t(i) = i**2 - 8*i - 31. Calculate t(11).
2
Let q(z) = z**3 - 2*z**2 + 6*z + 1. Calculate q(-3).
-62
Let g(t) = -t**2 + 6*t + 21. Give g(8).
5
Let u(d) = -d**3 - 26*d**2 + 26*d + 15. Determine u(-27).
42
Let f(c) = -2*c**2 - 11*c - 5. Determine f(-5).
0
Let s(f) = f + 5. Determine s(0).
5
Let t(d) = -20*d - 2. Calculate t(-2).
38
Let d(o) = o**2 - o + 12. What is d(0)?
12
Let z(n) = -n**3 + 6*n**2 + n - 6. Give z(5).
24
Let x(b) = -5*b**3 + 3*b**2 + 2*b. Give x(-2).
48
Let p(w) = -w**3 + 7*w**2 - 9*w + 8. Calculate p(6).
-10
Let m(z) = -7*z - 4. What is m(1)?
-11
Let p(y) = y**3 - 2*y**2 - 5*y + 2. Calculate p(2).
-8
Let i(r) = 2*r**2 - 41*r - 291. Determine i(26).
-5
Let l(m) = -6*m + 15. Determine l(9).
-39
Let k(g) = -78*g**2 - g + 3. Determine k(-1).
-74
Let z(l) = l**2 - 13*l + 13. Calculate z(11).
-9
Let h(o) = -o**2 + 9*o - 24. Give h(7).
-10
Let w(m) = 4*m - 8. Determine w(2).
0
Let z(y) = 3*y**3 + 8*y**2 + 2*y - 2. Calculate z(-3).
-17
Let y(w) = 3*w**2 - w - 2. Calculate y(4).
42
Let y(g) = -g**3 + g - 17. What is y(0)?
-17
Let j(q) = q**2 + 14*q - 36. Give j(-19).
59
Let l(z) = 2*z - 12. Determine l(1).
-10
Let i(w) = -w**3 - 14*w**2 + 3*w + 39. Determine i(-14).
-3
Let i(m) = -m**2 - 7*m. Determine i(-8).
-8
Let p(g) = g**3 - 7*g**2 - 9*g + 8. Determine p(7).
-55
Let p(b) = 6*b - 9. Calculate p(2).
3
Let z(r) = -r**3 - 14*r**2 - 8*r + 7. Calculate z(-13).
-58
Let v(y) = -y**3 + 10*y**2 + 14*y - 26. What is v(11)?
7
Let u(s) = -3*s + 3. What is u(-8)?
27
Let u(a) = 13*a**2 - 3*a + 2. Calculate u(1).
12
Let w(r) = r**2 - 9*r - 16. Give w(11).
6
Let z(k) = -k**2 + 5. Give z(-3).
-4
Let t(w) = w**2 + 10*w. Calculate t(-10).
0
Let z(o) = o + 9. What is z(8)?
17
Let q(f) = -f**3 + 13*f**2 - 40*f - 1. What is q(5)?
-1
Let o(w) = -w**2 - 2*w - 1. What is o(0)?
-1
Let z(a) = a**2 - 10*a - 21. Give z(11).
-10
Let l(n) = -n**2 + 8*n + 18. What is l(9)?
9
Let u(d) = d - 9. Give u(8).
-1
Let v(l) = -3*l**2 + 5. Determine v(3).
-22
Let z(i) = 3*i + 25. Calculate z(-12).
-11
Let q(l) = -l**3 - 24*l**2 + 25*l - 5. Determine q(-25).
-5
Let v(y) = -y**3 + 3*y**2 - 4*y - 3. Give v(4).
-35
Let s(d) = 145*d + 871. What is s(-6)?
1
Let p(i) = i**2 - i + 1. Determine p(5).
21
Let m(i) = 10*i - 51. Give m(6).
9
Let y(u) = -u**2 - 6*u + 7. What is y(-5)?
12
Let d(q) = 49*q**3 + q**2 + 1. Determine d(1).
51
Let b(d) = -d**3 - 18*d**2 + 2*d + 44. Determine b(-18).
8
Let w(g) = -3*g**2 - g + 27. Determine w(-4).
-17
Let k(b) = b**3 + 9*b**2 - 4*b + 12. Determine k(-9).
48
Let n(j) = -j**2 + 3*j + 9. Give n(0).
9
Let l(y) = -2*y**2 - 28*y - 84. Give l(-7).
14
Let s(g) = 3*g**2 - 39*g + 10. Determine s(13).
10
Let j(k) = -3*k - 10. Calculate j(-7).
11
Let d(t) = -11*t**2 + 2*t - 3. What is d(3)?
-96
Let o(m) = m**3 + 17*m**2 - 83*m + 24. Calculate o(-21).
3
Let d(o) = -o**3 + 10*o**2 + 10*o + 16. Calculate d(11).
5
Let q(k) = 2*k + 3. Give q(15).
33
Let t(l) = -l**3 + 10*l**2 + 11*l - 4. Give t(11).
-4
Let o(y) = y**3 - 5*y**2 + 3*y + 3. Calculate o(3).
-6
Let u(f) = f - 21. Determine u(22).
1
Let h(d) = d**3 - 5*d**2 - 3*d + 2. Calculate h(5).
-13
Let g(u) = -14*u**2 - 78*u + 78. What is g(1)?
-14
Let k(l) = -l**2 - 2*l. Determine k(5).
-35
Let g(z) = -9*z + 5. What is g(4)?
-31
Let r(k) = k**3 - 6*k**2 - 5*k - 4. Calculate r(7).
10
Let s(g) = -g**2 - 6*g + 12. Calculate s(-7).
5
Let i(b) = -b - 5. What is i(0)?
-5
Let k(q) = -17*q + 2. Calculate k(-2).
36
Let u(h) = -h**3 - 4*h**2 + 4. Give u(-5).
29
Let s(g) = -g**3 - 4*g**2 - 3*g + 2. Determine s(-3).
2
Let z(w) = w**2 - 10*w - 13. Give z(12).
11
Let g(r) = 9*r**3 + 2*r + 2. Calculate g(-1).
-9
Let d(z) = z**2 + 32*z + 231. Determine d(-12).
-9
Let r(v) = -v**3 - 9*v**2 + 89*v + 12. What is r(6)?
6
Let n(i) = -i**3 + 4*i**2 + 6*i + 13. Determine n(6).
-23
Let l(n) = n**2 + 1. Calculate l(-4).
17
Let i(o) = o**2 - 14*o + 44. What is i(9)?
-1
Let l(j) = j**2 + 9*j + 10. Calculate l(-12).
46
Let g(m) = 2*m**2 - 13*m + 5. Determine g(6).
-1
Let o(h) = h**3 - 22*h**2 - 26*h + 66. Calculate o(23).
-3
Let d(j) = j**3 + 8*j**2 - j - 43. Determine d(-8).
-35
Let d(j) = 119*j + 13. Calculate d(-2).
-225
Let t(g) = g**2 - 12*g + 25. Determine t(10).
5
Let u(q) = -q**3 - 10*q**2 - q - 14. Give u(-10).
-4
Let a(d) = -2*d**2 - 4*d - 4. Calculate a(-2).
-4
Let o(q) = q - 4. What is o(14)?
10
Let a(s) = -s**3 + 7*s**2 - 4*s - 17. Determine a(5).
13
Let a(u) 